[INFO] cloning repository https://github.com/amjedd/actix-hello
[INFO] running `Command { std: "git" "-c" "credential.helper=" "-c" "credential.helper=/workspace/cargo-home/bin/git-credential-null" "clone" "--bare" "https://github.com/amjedd/actix-hello" "/workspace/cache/git-repos/https%3A%2F%2Fgithub.com%2Famjedd%2Factix-hello", kill_on_drop: false }`
[INFO] [stderr] Cloning into bare repository '/workspace/cache/git-repos/https%3A%2F%2Fgithub.com%2Famjedd%2Factix-hello'...
[INFO] running `Command { std: "git" "rev-parse" "HEAD", kill_on_drop: false }`
[INFO] [stdout] 9df4a0d6dcdbc639ea12d6673eea379272a4716f
[INFO] checking amjedd/actix-hello against master#e6e4f7ed1589e03bc2f6c5931c1a72e7947e8682 for beta-170-4
[INFO] running `Command { std: "git" "clone" "/workspace/cache/git-repos/https%3A%2F%2Fgithub.com%2Famjedd%2Factix-hello" "/workspace/builds/worker-3-tc2/source", kill_on_drop: false }`
[INFO] [stderr] Cloning into '/workspace/builds/worker-3-tc2/source'...
[INFO] [stderr] done.
[INFO] validating manifest of git repo https://github.com/amjedd/actix-hello on toolchain e6e4f7ed1589e03bc2f6c5931c1a72e7947e8682
[INFO] running `Command { std: CARGO_HOME="/workspace/cargo-home" RUSTUP_HOME="/workspace/rustup-home" "/workspace/cargo-home/bin/cargo" "+e6e4f7ed1589e03bc2f6c5931c1a72e7947e8682" "metadata" "--manifest-path" "Cargo.toml" "--no-deps", kill_on_drop: false }`
[INFO] started tweaking git repo https://github.com/amjedd/actix-hello
[INFO] finished tweaking git repo https://github.com/amjedd/actix-hello
[INFO] tweaked toml for git repo https://github.com/amjedd/actix-hello written to /workspace/builds/worker-3-tc2/source/Cargo.toml
[INFO] crate git repo https://github.com/amjedd/actix-hello already has a lockfile, it will not be regenerated
[INFO] running `Command { std: CARGO_HOME="/workspace/cargo-home" RUSTUP_HOME="/workspace/rustup-home" "/workspace/cargo-home/bin/cargo" "+e6e4f7ed1589e03bc2f6c5931c1a72e7947e8682" "fetch" "--manifest-path" "Cargo.toml", kill_on_drop: false }`
[INFO] running `Command { std: "docker" "create" "-v" "/var/lib/crater-agent-workspace/builds/worker-3-tc2/target:/opt/rustwide/target:rw,Z" "-v" "/var/lib/crater-agent-workspace/builds/worker-3-tc2/source:/opt/rustwide/workdir:ro,Z" "-v" "/var/lib/crater-agent-workspace/cargo-home:/opt/rustwide/cargo-home:ro,Z" "-v" "/var/lib/crater-agent-workspace/rustup-home:/opt/rustwide/rustup-home:ro,Z" "-e" "SOURCE_DIR=/opt/rustwide/workdir" "-e" "CARGO_TARGET_DIR=/opt/rustwide/target" "-e" "CARGO_HOME=/opt/rustwide/cargo-home" "-e" "RUSTUP_HOME=/opt/rustwide/rustup-home" "-w" "/opt/rustwide/workdir" "-m" "1610612736" "--user" "0:0" "--network" "none" "ghcr.io/rust-lang/crates-build-env/linux@sha256:19e73879b68f455e41552ea35293514db52ea292d993f571636dbffedb77a1ee" "/opt/rustwide/cargo-home/bin/cargo" "+e6e4f7ed1589e03bc2f6c5931c1a72e7947e8682" "metadata" "--no-deps" "--format-version=1", kill_on_drop: false }`
[INFO] [stdout] 38f237dbeb8a978585154f41f3769ffc342ef1065447a347941ca6a93b11edc9
[INFO] running `Command { std: "docker" "start" "-a" "38f237dbeb8a978585154f41f3769ffc342ef1065447a347941ca6a93b11edc9", kill_on_drop: false }`
[INFO] running `Command { std: "docker" "inspect" "38f237dbeb8a978585154f41f3769ffc342ef1065447a347941ca6a93b11edc9", kill_on_drop: false }`
[INFO] running `Command { std: "docker" "rm" "-f" "38f237dbeb8a978585154f41f3769ffc342ef1065447a347941ca6a93b11edc9", kill_on_drop: false }`
[INFO] [stdout] 38f237dbeb8a978585154f41f3769ffc342ef1065447a347941ca6a93b11edc9
[INFO] running `Command { std: "docker" "create" "-v" "/var/lib/crater-agent-workspace/builds/worker-3-tc2/target:/opt/rustwide/target:rw,Z" "-v" "/var/lib/crater-agent-workspace/builds/worker-3-tc2/source:/opt/rustwide/workdir:ro,Z" "-v" "/var/lib/crater-agent-workspace/cargo-home:/opt/rustwide/cargo-home:ro,Z" "-v" "/var/lib/crater-agent-workspace/rustup-home:/opt/rustwide/rustup-home:ro,Z" "-e" "SOURCE_DIR=/opt/rustwide/workdir" "-e" "CARGO_TARGET_DIR=/opt/rustwide/target" "-e" "CARGO_INCREMENTAL=0" "-e" "RUST_BACKTRACE=full" "-e" "RUSTFLAGS=--cap-lints=forbid" "-e" "RUSTDOCFLAGS=--cap-lints=forbid" "-e" "CARGO_HOME=/opt/rustwide/cargo-home" "-e" "RUSTUP_HOME=/opt/rustwide/rustup-home" "-w" "/opt/rustwide/workdir" "-m" "1610612736" "--user" "0:0" "--network" "none" "ghcr.io/rust-lang/crates-build-env/linux@sha256:19e73879b68f455e41552ea35293514db52ea292d993f571636dbffedb77a1ee" "/opt/rustwide/cargo-home/bin/cargo" "+e6e4f7ed1589e03bc2f6c5931c1a72e7947e8682" "check" "--frozen" "--all" "--all-targets" "--message-format=json", kill_on_drop: false }`
[INFO] [stdout] 89c12313046e91a416302f06db421e0fc6e8726363e37ef3c76b4ebb97051bab
[INFO] running `Command { std: "docker" "start" "-a" "89c12313046e91a416302f06db421e0fc6e8726363e37ef3c76b4ebb97051bab", kill_on_drop: false }`
[INFO] [stderr]    Compiling libc v0.2.126
[INFO] [stderr]    Compiling tokio v1.20.1
[INFO] [stderr]    Compiling serde v1.0.140
[INFO] [stderr]     Checking mio v0.8.4
[INFO] [stderr]    Compiling futures-task v0.3.21
[INFO] [stderr]     Checking tracing-core v0.1.28
[INFO] [stderr]    Compiling syn v1.0.98
[INFO] [stderr]    Compiling futures-util v0.3.21
[INFO] [stderr]     Checking getrandom v0.2.7
[INFO] [stderr]    Compiling memchr v2.5.0
[INFO] [stderr]    Compiling zstd-safe v5.0.2+zstd.1.5.2
[INFO] [stderr]    Compiling bytes v1.2.0
[INFO] [stderr]    Compiling jobserver v0.1.24
[INFO] [stderr]     Checking tracing v0.1.35
[INFO] [stderr]     Checking local-waker v0.1.3
[INFO] [stderr]    Compiling cc v1.0.73
[INFO] [stderr]     Checking tinyvec v1.6.0
[INFO] [stderr]    Compiling aho-corasick v0.7.18
[INFO] [stderr]     Checking rand_core v0.6.3
[INFO] [stderr]     Checking crypto-common v0.1.6
[INFO] [stderr]    Compiling ahash v0.7.6
[INFO] [stderr]    Compiling encoding_rs v0.8.31
[INFO] [stderr]    Compiling regex-syntax v0.6.27
[INFO] [stderr]    Compiling itoa v1.0.2
[INFO] [stderr]    Compiling log v0.4.17
[INFO] [stderr]    Compiling zstd-sys v2.0.1+zstd.1.5.2
[INFO] [stderr]     Checking rand_chacha v0.3.1
[INFO] [stderr]    Compiling http v0.2.8
[INFO] [stderr]     Checking actix-service v2.0.2
[INFO] [stderr]     Checking unicode-normalization v0.1.21
[INFO] [stderr]     Checking digest v0.10.3
[INFO] [stderr]    Compiling bytestring v1.1.0
[INFO] [stderr]     Checking actix-utils v3.0.0
[INFO] [stderr]     Checking cpufeatures v0.2.2
[INFO] [stderr]     Checking tokio-util v0.7.3
[INFO] [stderr]     Checking actix-rt v2.7.0
[INFO] [stderr]     Checking unicode-bidi v0.3.8
[INFO] [stderr]    Compiling regex v1.6.0
[INFO] [stderr]    Compiling serde_json v1.0.82
[INFO] [stderr]    Compiling firestorm v0.5.1
[INFO] [stderr]     Checking actix-codec v0.5.0
[INFO] [stderr]     Checking h2 v0.3.13
[INFO] [stderr]     Checking idna v0.2.3
[INFO] [stderr]     Checking sha1 v0.10.1
[INFO] [stderr]     Checking brotli v3.3.4
[INFO] [stderr]     Checking rand v0.8.5
[INFO] [stderr]     Checking local-channel v0.1.3
[INFO] [stderr]     Checking language-tags v0.3.2
[INFO] [stderr]     Checking actix-router v0.5.0
[INFO] [stderr]     Checking actix-server v2.1.1
[INFO] [stderr]     Checking url v2.2.2
[INFO] [stderr]     Checking serde_urlencoded v0.7.1
[INFO] [stderr]    Compiling derive_more v0.99.17
[INFO] [stderr]    Compiling actix-macros v0.2.3
[INFO] [stderr]    Compiling actix-web-codegen v4.0.1
[INFO] [stderr]     Checking zstd v0.11.2+zstd.1.5.2
[INFO] [stderr]     Checking actix-http v3.2.1
[INFO] [stderr]     Checking actix-web v4.1.0
[INFO] [stderr]     Checking actix-hello v0.1.0 (/opt/rustwide/workdir)
[INFO] [stdout] error[E0428]: the name `hello` is defined multiple times
[INFO] [stdout]  --> src/main.rs:8:1
[INFO] [stdout]   |
[INFO] [stdout] 3 | #[get("/")]
[INFO] [stdout]   | ----------- previous definition of the type `hello` here
[INFO] [stdout] ...
[INFO] [stdout] 8 | #[get("/amjed")]
[INFO] [stdout]   | ^^^^^^^^^^^^^^^^ `hello` redefined here
[INFO] [stdout]   |
[INFO] [stdout]   = note: `hello` must be defined only once in the type namespace of this module
[INFO] [stdout]   = note: this error originates in the attribute macro `get` (in Nightly builds, run with -Z macro-backtrace for more info)
[INFO] [stdout] 
[INFO] [stdout] 
[INFO] [stderr] error: could not compile `actix-hello` (bin "actix-hello") due to 3 previous errors
[INFO] [stdout] error[E0428]: the name `hello` is defined multiple times
[INFO] [stdout]  --> src/main.rs:8:1
[INFO] [stdout]   |
[INFO] [stdout] 3 | #[get("/")]
[INFO] [stdout]   | ----------- previous definition of the type `hello` here
[INFO] [stdout] ...
[INFO] [stdout] 8 | #[get("/amjed")]
[INFO] [stdout]   | ^^^^^^^^^^^^^^^^ `hello` redefined here
[INFO] [stdout]   |
[INFO] [stdout]   = note: `hello` must be defined only once in the type namespace of this module
[INFO] [stdout]   = note: this error originates in the attribute macro `get` (in Nightly builds, run with -Z macro-backtrace for more info)
[INFO] [stdout] 
[INFO] [stdout] 
[INFO] [stderr] warning: build failed, waiting for other jobs to finish...
[INFO] [stdout] error[E0119]: conflicting implementations of trait `HttpServiceFactory` for type `hello`
[INFO] [stdout]  --> src/main.rs:8:1
[INFO] [stdout]   |
[INFO] [stdout] 3 | #[get("/")]
[INFO] [stdout]   | ----------- first implementation here
[INFO] [stdout] ...
[INFO] [stdout] 8 | #[get("/amjed")]
[INFO] [stdout]   | ^^^^^^^^^^^^^^^^ conflicting implementation for `hello`
[INFO] [stdout]   |
[INFO] [stdout]   = note: this error originates in the attribute macro `get` (in Nightly builds, run with -Z macro-backtrace for more info)
[INFO] [stdout] 
[INFO] [stdout] 
[INFO] [stdout] error: aborting due to 2 previous errors
[INFO] [stdout] 
[INFO] [stdout] 
[INFO] [stdout] Some errors have detailed explanations: E0119, E0428.
[INFO] [stdout] 
[INFO] [stdout] For more information about an error, try `rustc --explain E0119`.
[INFO] [stdout] 
[INFO] [stdout] error[E0119]: conflicting implementations of trait `HttpServiceFactory` for type `hello`
[INFO] [stdout]  --> src/main.rs:8:1
[INFO] [stdout]   |
[INFO] [stdout] 3 | #[get("/")]
[INFO] [stdout]   | ----------- first implementation here
[INFO] [stdout] ...
[INFO] [stdout] 8 | #[get("/amjed")]
[INFO] [stdout]   | ^^^^^^^^^^^^^^^^ conflicting implementation for `hello`
[INFO] [stdout]   |
[INFO] [stdout]   = note: this error originates in the attribute macro `get` (in Nightly builds, run with -Z macro-backtrace for more info)
[INFO] [stdout] 
[INFO] [stdout] 
[INFO] [stdout] error: aborting due to 2 previous errors
[INFO] [stdout] 
[INFO] [stdout] 
[INFO] [stdout] Some errors have detailed explanations: E0119, E0428.
[INFO] [stdout] 
[INFO] [stdout] For more information about an error, try `rustc --explain E0119`.
[INFO] [stdout] 
[INFO] [stderr] error: could not compile `actix-hello` (bin "actix-hello" test) due to 3 previous errors
[INFO] running `Command { std: "docker" "inspect" "89c12313046e91a416302f06db421e0fc6e8726363e37ef3c76b4ebb97051bab", kill_on_drop: false }`
[INFO] running `Command { std: "docker" "rm" "-f" "89c12313046e91a416302f06db421e0fc6e8726363e37ef3c76b4ebb97051bab", kill_on_drop: false }`
[INFO] [stdout] 89c12313046e91a416302f06db421e0fc6e8726363e37ef3c76b4ebb97051bab
